(-2)?
13
Suppose 43*t - 39*t = 852. Calculate the remainder when t is divided by 18.
15
Suppose 53 = 3*z + 3*n + 20, 3*z - n = 53. What is the remainder when 2 + 100 + z/(-4) is divided by 20?
18
Let v(x) = -5 + 2 + 4*x - 4*x + x. Let l be v(5). Suppose -l*z + 8 = -22. Calculate the remainder when 58 is divided by z.
13
Suppose 2*h = 6, -78 - 62 = -5*k + 5*h. Let l = 9 + -7. Suppose 2*u + 7 + 11 = s, -u = l*s - k. Calculate the remainder when 30 is divided by s.
14
Let i(q) = 6*q**2 - 24*q + 54. Suppose 2*k + 52 = 6*k. What is the remainder when i(3) is divided by k?
10
Suppose 3*k - 2*s - 8 + 33 = 0, 71 = -5*k - 4*s. Let r(f) = f**2 + 10*f + 9. Calculate the remainder when r(k) is divided by 6.
2
Suppose -q = 5*o - 9, 3*o - 3 = 4*o - q. What is the remainder when 5 is divided by o?
0
Suppose -17 = -2*s - 5. What is the remainder when (20/(-3))/((-4)/s) is divided by 3?
1
Let p(j) = j**2 - 5*j - 3. Calculate the remainder when p(7) is divided by 7/2*(2 + 0).
4
Suppose 0 = 5*g + 4*n + 551, -g + n = -48 + 160. Let s = g - -156. Calculate the remainder when s is divided by 24.
21
Suppose 4*h - 33 = -5*x + 2*h, -4*x + 28 = 2*h. Suppose i + x*a - 26 = a, -5 = -a. What is the remainder when 11 is divided by i?
5
Suppose 271 = 4*m + 51. Let w = m - 80. Let j = w + 42. What is the remainder when 32 is divided by j?
15
Let j(n) = 3*n - 3. Let p(s) = s**2 - 5*s + 10. Calculate the remainder when p(9) is divided by j(5).
10
Suppose -o - 64 = 17*k - 20*k, -3*o - 100 = -5*k. Calculate the remainder when k is divided by 12.
11
Let f(g) = 3*g**2 - 2*g - 2. Let b be f(2). Calculate the remainder when 51 is divided by (-26)/(-3)*b/4.
12
Let o be (-26)/(-6) - 4/12. Suppose 142 = o*q - 30. Calculate the remainder when q is divided by 15.
13
Suppose -3*q + 2*o = -109, 3*q - 117 = -o - 23. Let u(a) = a**3 + 6*a**2 + 7*a + 5. Calculate the remainder when q is divided by u(-4).
6
Let y be 1 + 2 - (3 + -3). Suppose 2*l = 75 - y. Suppose 2*u = 4*u - l. Calculate the remainder when u is divided by 10.
8
Suppose 9*k - 1759 - 437 = 0. Calculate the remainder when k is divided by 41.
39
Suppose -2*i + 5 = 1. What is the remainder when 9 is divided by i?
1
Suppose 1 = 4*y - 7. Suppose 5*w - 96 = -3*t + y*t, 2*t = -2*w + 32. What is the remainder when 77 is divided by w?
17
Calculate the remainder when 92 is divided by (-495)/(-18)*(12/(-15) - -2).
26
Suppose -99 = -3*j - 0*j. Suppose -z - 4*y - 5 - 2 = 0, 3*y = -4*z + 24. Let h = z - -3. Calculate the remainder when j is divided by h.
9
Let b be -1 + -1*(-2)/1. Suppose 0 = 2*l + k - 25 - b, -5*l = -2*k - 83. What is the remainder when 28 is divided by l?
13
Let y = -16 - -26. Let k(v) = 10 + 0*v**3 - 7*v - v**3 + 9*v**2 + 0*v**3. What is the remainder when k(8) is divided by y?
8
Suppose 4*s = s + 9. Suppose 3*f + 2*p = 7, 4*f + 4*p - 3 = 9. Calculate the remainder when s/3*(1 + 0) is divided by f.
0
Let m = 37 - 16. What is the remainder when 2/(-6)*(0 - (183 - 0)) is divided by m?
19
Let u(p) = p**2 - 4. Let r = -1 + 2. What is the remainder when u(4) is divided by (14/(-4))/(r/(-2))?
5
Let p(c) = 2*c**2 + c**2 + 2 + 5*c - c. Calculate the remainder when 10 is divided by p(-2).
4
Let p be (2/(-4) - 1)*4. Let i = -10 - -17. Calculate the remainder when (-38)/(-3)*p/(-4) is divided by i.
5
Suppose 4*j + h + h = 192, 8 = 4*h. What is the remainder when 279 is divided by j?
44
Suppose -4*z = -24 - 28. Calculate the remainder when 36 is divided by z.
10
Suppose 0*m + 24 = s - m, s = 5*m + 44. What is the remainder when s is divided by 7?
5
Let b(t) = 2*t - 20. Calculate the remainder when b(15) is divided by ((-8)/10)/(1/(-5)).
2
Let g = 7 + 9. Calculate the remainder when 47 is divided by g.
15
Let j(m) = m**3 - 5*m**2 - 8*m + 9. Let y be j(6). Let n = 12 - y. Suppose -129 = -0*g - 3*g. What is the remainder when g is divided by n?
13
Suppose 2*f + 5*c - 3 = -0*f, -4*f = 5*c - 31. What is the remainder when f is divided by 8?
6
What is the remainder when (-6)/(-18) + (-1)/(6/(-64)) is divided by 6 + -2*(-2)/4?
4
Suppose 0 = t + 2*t + 9. Let z = 2 + t. What is the remainder when z*(-2)/4*8 is divided by 3?
1
Suppose -12*f + 4*f + 144 = 0. Calculate the remainder when 86 is divided by f.
14
Suppose 8*i + 36 = 9*i. Calculate the remainder when i is divided by 13.
10
Suppose 313 - 78 = 5*l. What is the remainder when l is divided by 16?
15
Suppose -19 = -o - 3*d, 0*o + d = o - 39. Calculate the remainder when 65 is divided by o.
31
Let n = -7 + 16. Calculate the remainder when n is divided by 6.
3
Let j(d) = 2*d - 4. Let u be j(4). Suppose 2*f + 2*t + 0 = 4, -3*f + u*t = 15. Calculate the remainder when 43 is divided by ((-1)/f)/(1/15).
13
Let g(r) = 4*r**2 - 2*r + 8. What is the remainder when g(5) is divided by 20?
18
Let t(j) = -j**2 + 4*j + 5. Let h be t(5). Suppose 0 = a - 0*d - 2*d + 4, h = -5*a + 3*d + 8. What is the remainder when 7 is divided by a?
3
Let p = -7 - -13. Calculate the remainder when 6 is divided by p.
0
Let z(q) = -2*q + 3. What is the remainder when 32 is divided by z(-4)?
10
Let m(z) = -z**2 - 14*z - 18. Let r be m(-12). Let k = 8 + -5. Calculate the remainder when (-16)/((-3)/(r/4)) is divided by k.
2
Calculate the remainder when 29 is divided by (-90)/(-15) + 5 + -1.
9
Let w = -1 - -7. Let q(v) = -v + 10. What is the remainder when q(-6) is divided by w?
4
Suppose 0 = 2*x + x + 36. Calculate the remainder when 6 is divided by 1/((x/(-20))/3).
1
Suppose 0 = q + q - 6. Let h(t) = -t**2 + 8*t - 5. Let l be h(7). What is the remainder when 26 is divided by (0 + (q - l))*14?
12
Calculate the remainder when 19 is divided by (3/((-6)/(-10)))/1.
4
Let f = -37 + 62. Let q(s) = 3*s - 9. Let w(l) = l + 1. Let c be w(5). What is the remainder when f is divided by q(c)?
7
Suppose -11 = -4*j + 17. What is the remainder when 12 is divided by j?
5
Let j(o) = o**3 - 6*o**2 + 6*o + 7. Calculate the remainder when 1/((-3)/(-100 + 1)) is divided by j(5).
9
Suppose 3*p - 105 = 8*p. Let j = p - -22. What is the remainder when 2 is divided by j?
0
Suppose -2*v - 21 = -3*v. What is the remainder when 59 is divided by v?
17
Let d(j) = j - 5. Let i be d(6). Suppose m + i = 5. What is the remainder when 10 is divided by m?
2
Let r be (0 - -2*1) + 45. Let d be (0 + 0)/(-2) - r. Calculate the remainder when d/(-3) - (-2)/6 is divided by 9.
7
Let p be (3/(-6))/((-4)/8). Let z be p + 1 + -1 + 6. Suppose c = z + 4. What is the remainder when 43 is divided by c?
10
Let b = 2 - -5. Suppose 2*j = b*j - 235. Calculate the remainder when j is divided by 16.
15
Suppose -2*z - 2*p - 86 = 0, -32 = 3*z + 2*p + 93. Let o = 58 + z. Let v = -43 - -53. What is the remainder when o is divided by v?
9
Suppose -3*j - 60 = -8*j. What is the remainder when 33 is divided by j?
9
Let b(u) = 4*u + 1. Let w be b(3). Suppose 3*h - 4*h = -w. Let c(i) = i**3 + 13*i**2 - 14*i + 5. Calculate the remainder when h is divided by c(-14).
3
Suppose 19*g - 15*g - 40 = 0. Let a(o) = 2*o**3 - o. Let r be a(1). Suppose 17 = v - r. Calculate the remainder when v is divided by g.
8
Let y(s) = s**3 - 7*s**2 - 9*s - 6. What is the remainder when y(9) is divided by 11?
9
Suppose -t + 24 = t. Suppose -2*b = -3*s - 71, s = 3*b - 2*b - 35. What is the remainder when b is divided by t?
10
Suppose r - 67 = -5*y, -6*y + 3*y = -2*r - 48. Calculate the remainder when 51 is divided by y.
9
Let z be 32/6 - 3/9. Suppose -2*a - z*c + 47 = 0, 2*a + 2*c - 19 - 37 = 0. Calculate the remainder when a is divided by ((-4)/6)/(1/(-24)).
15
Let m = 37 - 26. Suppose -w + 3 = -0. Let g = m - w. Calculate the remainder when 15 is divided by g.
7
Let h(s) = -4*s - 22. What is the remainder when h(-21) is divided by 32?
30
Let v = 45 + -32. What is the remainder when v is divided by (5 - 0/1)*1?
3
Suppose 0 = -5*y - 2*w + 4*w + 145, 2*y = -3*w + 77. What is the remainder when 60 is divided by y?
29
Suppose -2*o - 60 = -4*q - 164, -o - q = -43. Suppose -4*k + 0*k = -8. Suppose -k*j - 12 = -3*j. Calculate the remainder when o is divided by j.
10
Suppose -5*o - 42 = -b, 0*o + 26 = b - o. Suppose -2*y + 78 - 30 = 0. Suppose t + t = y. Calculate the remainder when b is divided by t.
10
Suppose -5*l = 3*v - 19, 18 + 1 = 3*l - 2*v. Suppose 0 + l = q. Suppose -y = q*d + 9, -3*y = 2*y - d - 85. Calcula